) = -s**2 + 4*s + 318. Calculate a(-16).
-2
Let a(c) = -31*c**2 - 1776*c + 94. Calculate a(-57).
607
Let l(g) = -2*g**3 - 65*g**2 + 36*g + 110. Determine l(-33).
11
Let x(t) = 227*t + 790. Determine x(-4).
-118
Let x(m) = 3*m**3 + 13*m**2 - m - 8. Give x(-4).
12
Let o(t) = -35*t**2 - 738*t - 738. What is o(-1)?
-35
Let p(u) = 3*u**2 + 100*u - 981. Determine p(8).
11
Let u(r) = -290*r - 66415. Calculate u(-229).
-5
Let w(b) = -27*b + 21. Give w(7).
-168
Let h(o) = -o**3 - 6*o**2 - 59*o - 601. Give h(-8).
-1
Let w(o) = -3*o**2 + 562*o - 13519. Calculate w(159).
-4
Let k(w) = 138*w - 676. Give k(5).
14
Let z(o) = -19*o - 2128. Calculate z(-112).
0
Let z(x) = 7792*x - 31165. Determine z(4).
3
Let p(a) = -31*a + 89. Give p(4).
-35
Let u(l) = 1184*l - 4725. Determine u(4).
11
Let z(d) = 141*d - 581. Calculate z(4).
-17
Let z(n) = -25*n**3 - 3*n**2 + 16*n - 20. Calculate z(2).
-200
Let p(r) = -r**3 + 29*r**2 + 134*r - 62. Give p(33).
4
Let o(t) = -122*t - 110. Calculate o(9).
-1208
Let s(g) = 14*g + 45. What is s(7)?
143
Let r(x) = -2*x**3 + 132*x**2 - 131*x + 77. Calculate r(65).
12
Let t(n) = 317*n + 2544. What is t(-6)?
642
Let l(z) = -38*z - 192. What is l(-5)?
-2
Let s(y) = 28*y + 408. What is s(-14)?
16
Let k(z) = -51*z - 1380. Give k(-28).
48
Let n(d) = d**2 + 5212*d + 10425. What is n(-2)?
5
Let d(l) = -l**2 - 4*l + 28. What is d(15)?
-257
Let n(x) = -x**2 - 108*x + 542. Determine n(5).
-23
Let d(p) = 14*p**2 - p - 2. Determine d(1).
11
Let i(l) = -160*l**2 - 37*l + 37. What is i(1)?
-160
Let m(z) = 10*z - 179. Determine m(18).
1
Let g(z) = -z**2 - 72*z + 946. What is g(-83)?
33
Let b(o) = 42*o - 1599. Give b(37).
-45
Let v(r) = 2*r**2 + 1826*r - 9185. What is v(5)?
-5
Let a(d) = d**3 + 257*d**2 + 164*d - 23560. Calculate a(-256).
-8
Let t(m) = -m**2 + 68*m + 677. Give t(-8).
69
Let g(n) = -1063*n + 19142. Give g(18).
8
Let m(t) = -14*t - 93. Determine m(-5).
-23
Let s(x) = 335*x - 70353. Calculate s(210).
-3
Let q(m) = 2*m**3 + 16*m**2 + 71. What is q(-9)?
-91
Let x(q) = 1464*q - 16112. Calculate x(11).
-8
Let a(y) = -14*y - 182. Calculate a(-8).
-70
Let t(g) = -590*g**3 + 2*g - 1. Give t(1).
-589
Let h(t) = -t**3 + 7*t**2 + 25*t - 130. Give h(9).
-67
Let o(g) = g**3 + g**2 + g - 3. Give o(0).
-3
Let f(i) = -124*i**3 + 2*i**2 - 5*i - 6. What is f(-1)?
125
Let q(v) = 21*v**2 - 18*v + 39. Determine q(2).
87
Let h(x) = -2*x**3 + 24*x**2 - 21*x + 5. Calculate h(11).
16
Let r(n) = 4*n**2 + 292*n + 1321. Determine r(-5).
-39
Let b(r) = -r**3 - 137*r**2 - 279*r - 1172. What is b(-135)?
43
Let c(v) = v**3 - 9*v**2 - 55*v - 66. Give c(-2).
0
Let s(x) = -4*x**2 + 362*x + 936. Calculate s(93).
6
Let f(d) = -6*d**3 + 10*d**2 + 37. What is f(-5)?
1037
Let o(q) = -63*q - 485. Determine o(-9).
82
Let s(w) = 2*w**2 - 10*w + 24. What is s(3)?
12
Let q(h) = 2*h**3 - 161*h**2 - 79*h - 200. Give q(81).
-38
Let t(d) = -12*d**3 + 8*d**2 - 6*d - 13. Calculate t(3).
-283
Let g(n) = -n**3 - 25*n**2 - 45*n - 37. Determine g(-23).
-60
Let t(u) = -474*u + 2859. Calculate t(6).
15
Let g(f) = f**2 + 16*f - 67. Determine g(-15).
-82
Let w(u) = 22*u + 150. Determine w(-7).
-4
Let p(t) = -t**3 - 5*t**2 + 375*t + 28. What is p(-22)?
6
Let t(p) = -p**3 - 18*p**2 - 7*p - 26. Give t(-18).
100
Let d(g) = 88*g + 266. Calculate d(-4).
-86
Let q(m) = -3*m**3 + 210*m**2 + 4*m - 289. Determine q(70).
-9
Let x(m) = -215*m + 1980. Calculate x(9).
45
Let d(p) = p**3 - 10*p - 42. What is d(-5)?
-117
Let t(h) = -2*h**2 - 160*h + 47. Give t(-79).
205
Let x(n) = -n**3 - 65*n**2 + 134*n - 55. What is x(-67)?
-55
Let p(r) = -10*r**2 - 7*r + 8. Determine p(3).
-103
Let l(g) = -38*g**2 - 73*g + 312. Calculate l(-4).
-4
Let r(x) = 38*x + 70. What is r(-7)?
-196
Let q(l) = 157*l + 3930. Calculate q(-25).
5
Let d(b) = -51*b - 2453. Calculate d(-48).
-5
Let r(u) = u**3 - 33*u**2 + 119*u - 62. Give r(29).
25
Let h(g) = -162*g + 3. What is h(-1)?
165
Let k(b) = -4*b**3 - 151*b**2 - 8*b - 1755. Give k(-38).
-7
Let q(y) = -y**2 - 14*y + 3. Calculate q(-11).
36
Let m(k) = -5142*k + 41185. Determine m(8).
49
Let q(g) = -3*g**2 - 304*g + 1485. Calculate q(5).
-110
Let u(z) = -3*z**3 - 20*z**2 + 78*z + 370. What is u(-8)?
2
Let q(u) = u**3 - 16*u**2 - 21*u - 48. What is q(18)?
222
Let a(y) = y**2 + 56*y - 6606. Give a(-114).
6
Let c(l) = l**3 - 9*l**2 + 19*l - 3. Calculate c(3).
0
Let i(s) = -15*s - 139. Determine i(13).
-334
Let q(n) = 105*n + 1140. What is q(-11)?
-15
Let k(w) = -w**2 - 3422*w + 198306. Calculate k(57).
3
Let a(o) = -2*o**3 + 2*o**2 + 8*o + 36. Give a(0).
36
Let b(u) = 3500*u + 38497. Determine b(-11).
-3
Let a(q) = -q**2 - 2*q + 12. Calculate a(7).
-51
Let b(g) = -206*g + 881. Give b(5).
-149
Let v(z) = -z**3 + 56*z**2 - 158*z - 41. Give v(53).
12
Let o(g) = -84*g + 45. What is o(1)?
-39
Let q(h) = 172*h + 452. Give q(-5).
-408
Let m(x) = x**2 + 49*x + 363. What is m(-29)?
-217
Let l(n) = n**3 - 6*n**2 - 74*n + 25. Give l(12).
1
Let t(i) = 16715*i + 50152. Determine t(-3).
7
Let i(u) = 2*u**3 + 29*u**2 + 21*u + 40. Determine i(-14).
-58
Let q(o) = 502*o + 11517. What is q(-23)?
-29
Let d(t) = 109*t**2 - 4*t - 6. Calculate d(1).
99
Let n(s) = 501*s - 3503. Calculate n(7).
4
Let p(d) = -4*d**3 + 76*d**2 + 166*d + 7. What is p(21)?
-35
Let d(b) = -b**3 - 3*b**2 + 6*b - 57. What is d(7)?
-505
Let a(t) = t**3 + 4*t**2 + 40*t + 119. What is a(-3)?
8
Let d(w) = -w**3 - 27*w**2 + 58*w - 19. Calculate d(2).
-19
Let n(f) = f**3 - 32*f**2 + 25*f + 4. Give n(31).
-182
Let n(u) = 11*u**2 - 65*u + 24. What is n(10)?
474
Let v(d) = -d**2 - 12*d + 340. Determine v(13).
15
Let z(v) = -218*v - 2828. Calculate z(-13).
6
Let f(m) = -69*m**3 + 7*m**2 + 10*m + 3. Calculate f(-1).
69
Let f(z) = -z**3 - 391*z**2 - 2305*z + 23. What is f(-6)?
-7
Let w(r) = -8*r**2 - 696*r - 680. Give w(-86).
8
Let j(r) = -5*r**3 + 2*r**2 - 66*r - 67. Give j(-1).
6
Let i(v) = -3*v**2 + 802*v - 7197. What is i(9)?
-222
Let m(d) = 215*d - 634. Give m(3).
11
Let y(l) = -l**2 - 7*l + 14. Give y(4).
-30
Let z(h) = -h**3 - 7*h**2 + 15*h + 182. What is z(-7)?
77
Let i(d) = -d**2 - 81*d - 1466. Give i(-53).
18
Let u(l) = -134*l - 4746. What is u(-35)?
-56
Let n(q) = -2*q**2 + 13*q + 54. Calculate n(14).
-156
Let z(t) = -t**3 - 4*t**2 - 8*t - 16. Give z(-5).
49
Let a(c) = -397*c + 399. What is a(1)?
2
Let b(v) = -v**2 + 11*v + 121. Calculate b(-8).
-31
Let i(v) = v**3 + 10*v**2 - 65*v - 532. Calculate i(-6).
2
Let v(z) = 5*z**3 + 3*z**2 - 10*z + 14. What is v(5)?
664
Let y(c) = 2*c**3 + 4*c**2 - 123*c - 458. Determine y(-5).
7
Let f(k) = -85*k**2 - 1604*k - 1603. What is f(-1)?
-84
Let p(g) = -7381*g + 36909. Calculate p(5).
4
Let t(f) = 8*f**3 - 30*f**2 - 28*f + 111. Calculate t(3).
-27
Let g(v) = -v**3 - 16*v**2 - 20*v + 214. Determine g(-13).
-33
Let m(c) = -20*c + 332. What is m(15)?
32
Let g(y) = -7*y**3 - 868*y**2 + 3*y + 369. Give g(-124).
-3
Let v(l) = -l**3 - 26*l**2 + 7*l - 22. What is v(-26)?
-204
Let g(s) = 4*s - 24. Calculate g(11).
20
Let i(q) = 464*q + 10667. Determine i(-23).
-5
Let q(z) = z**3 - 2*z**2 - 74*z + 117. Give q(-8).
69
Let i(h) = h**3 + 13*h**2 - 68*h + 2. Calculate i(4).
2
Let a(c) = -c**3 - 5*c**2 + 38*c - 19. Determine a(-9).
-37
Let l(q) = -q**3 - 71*q**2 - 151*q - 294. Calculate l(-69).
603
Let k(v) = 3*v**3 - 141*v**2 + 2*v - 89. What is k(47)?
5
Let c(f) = -833*f + 4139. Calculate c(5).
-26
Let m(z) = -z**3 - 18*z**2 - 41*z - 54. Give m(-16).
90
Let i(v) = -7*v**2 + 40*v - 48. What is i(4)?
0
Let n(a) = -10092*a + 70629. Give n(7).
-15
Let l(k) = -3507*k - 3504. Determine l(-1).
3
Let a(k) = -k**3 - 14*k**2 - 2*k - 27. What is a(-14)?
1
Let j(z) = z**2 - 10*z - 185. Give j(23).
114
Let b(f) = -219*f + 3377. Give b(16).
-127
Let w(q) = q**3 - 17*q**2 + 11*q + 78. Determine w(16).
-2
Let u(g) = -124*g - 312. Calculate u(-2).
-64
Let c(v) = -2*v**2 + 213*v - 656. Give c(102).
262
Let p(t) = t**3 - 143*t**2 - 259*t - 4488. Give p(145).
7
Let n(b) = -b**2 - 22*b + 231. Give n(-29).
28
Let t(s) = s**3 - 13*s**2 - 4*s + 184. What is t(12)?
-8
Let x(r) = -r**3 + 46*r**2 + 48*r - 56. Determine x(47).
-9
Let p(f) = -f**2 - 15*f - 45. Calculate p(-10).
5
Let o(g) = -g**3 + 38*g**2 + 220*g - 21. Calculate o(-5).
-46
Let r(k) = 261*k + 2884. Determine r(-11).
13
Let x(m) = 106*m**2 - 25*m + 59. Determine x(2).